{"id":836,"date":"2025-03-25T13:55:19","date_gmt":"2025-03-25T12:55:19","guid":{"rendered":"https:\/\/etrax.at\/knowledgebase\/?page_id=836"},"modified":"2025-03-25T13:55:19","modified_gmt":"2025-03-25T12:55:19","slug":"user-tracks","status":"publish","type":"page","link":"https:\/\/etrax.at\/knowledgebase\/user-tracks\/","title":{"rendered":"User-Tracks"},"content":{"rendered":"\n<div class=\"wp-block-query alignfull row container ms-auto me-auto is-layout-flow wp-block-query-is-layout-flow\"><ul class=\"alignfull row blog-overview wp-block-post-template is-layout-flow wp-block-post-template-is-layout-flow\"><li class=\"wp-block-post post-449 post type-post status-publish format-standard hentry category-arbeitskarte category-kartenfunktionen category-tracks\">\n\n<div class=\"wp-block-group is-vertical is-layout-flex wp-container-core-group-is-layout-fe9cc265 wp-block-group-is-layout-flex\"><h2 class=\"wp-block-post-title has-x-large-font-size\"><a href=\"https:\/\/etrax.at\/knowledgebase\/arbeitskarte\/user-track-bearbeiten\/\" target=\"_self\" >User-Track<\/a><\/h2>\n\n<div class=\"wp-block-post-excerpt\"><p class=\"wp-block-post-excerpt__excerpt\">In der Arbeitskarte werden User-Tracks als gestrichelte Linien in der jeweiligen Gruppenfarbe (kann in der Track-Bearbeitung ge\u00e4ndert werden) angezeigt. Im&hellip;<\/p><p class=\"wp-block-post-excerpt__more-text\"><a class=\"wp-block-post-excerpt__more-link\" href=\"https:\/\/etrax.at\/knowledgebase\/arbeitskarte\/user-track-bearbeiten\/\">&#8230;mehr<\/a><\/p><\/div><\/div>\n\n<\/li><li class=\"wp-block-post post-894 post type-post status-publish format-standard hentry category-arbeitskarte category-tracks\">\n\n<div class=\"wp-block-group is-vertical is-layout-flex wp-container-core-group-is-layout-fe9cc265 wp-block-group-is-layout-flex\"><h2 class=\"wp-block-post-title has-x-large-font-size\"><a href=\"https:\/\/etrax.at\/knowledgebase\/arbeitskarte\/user-track-bearbeiten-2\/\" target=\"_self\" >User-Track bearbeiten<\/a><\/h2>\n\n<div class=\"wp-block-post-excerpt\"><p class=\"wp-block-post-excerpt__excerpt\">Der Dialog erm\u00f6glicht es Ihnen, den Track neu zuzuweisen. Sie k\u00f6nnen den Sender (Tracker) umstellen, den Track einer neuen Gruppe&hellip;<\/p><p class=\"wp-block-post-excerpt__more-text\"><a class=\"wp-block-post-excerpt__more-link\" href=\"https:\/\/etrax.at\/knowledgebase\/arbeitskarte\/user-track-bearbeiten-2\/\">&#8230;mehr<\/a><\/p><\/div><\/div>\n\n<\/li><li class=\"wp-block-post post-718 post type-post status-publish format-standard hentry category-arbeitskarte category-menue category-tracks\">\n\n<div class=\"wp-block-group is-vertical is-layout-flex wp-container-core-group-is-layout-fe9cc265 wp-block-group-is-layout-flex\"><h2 class=\"wp-block-post-title has-x-large-font-size\"><a href=\"https:\/\/etrax.at\/knowledgebase\/arbeitskarte\/arbeitskarte-menue-user-tracks-gpx-track-importieren\/\" target=\"_self\" >User-Tracks > GPX Track importieren<\/a><\/h2>\n\n<div class=\"wp-block-post-excerpt\"><p class=\"wp-block-post-excerpt__excerpt\">Es \u00f6ffnet sich der &#8222;GPX Track importieren&#8220; Dialog. W\u00e4hlen Sie einen Sender und eine Gruppe f\u00fcr die Trackzuweisung und w\u00e4hlen&hellip;<\/p><p class=\"wp-block-post-excerpt__more-text\"><a class=\"wp-block-post-excerpt__more-link\" href=\"https:\/\/etrax.at\/knowledgebase\/arbeitskarte\/arbeitskarte-menue-user-tracks-gpx-track-importieren\/\">&#8230;mehr<\/a><\/p><\/div><\/div>\n\n<\/li><li class=\"wp-block-post post-406 post type-post status-publish format-standard hentry category-arbeitskarte category-menue category-tracks\">\n\n<div class=\"wp-block-group is-vertical is-layout-flex wp-container-core-group-is-layout-fe9cc265 wp-block-group-is-layout-flex\"><h2 class=\"wp-block-post-title has-x-large-font-size\"><a href=\"https:\/\/etrax.at\/knowledgebase\/arbeitskarte\/user-tracks\/\" target=\"_self\" >User-Tracks > Tracker anzeigen<\/a><\/h2>\n\n<div class=\"wp-block-post-excerpt\"><p class=\"wp-block-post-excerpt__excerpt\">Der Men\u00fcpunkt &#8222;Tracker anzeigen&#8220; \u00f6ffnet das &#8222;Tracker mit GPS&#8220; Overlay. Hier werden alle User angezeigt, die Positionsdaten an eTrax schicken&hellip;<\/p><p class=\"wp-block-post-excerpt__more-text\"><a class=\"wp-block-post-excerpt__more-link\" href=\"https:\/\/etrax.at\/knowledgebase\/arbeitskarte\/user-tracks\/\">&#8230;mehr<\/a><\/p><\/div><\/div>\n\n<\/li><\/ul><\/div>\n\n\n<form role=\"search\" method=\"get\" action=\"https:\/\/etrax.at\/knowledgebase\/\" class=\"wp-block-search__button-outside wp-block-search__text-button wp-block-search\"    ><label class=\"wp-block-search__label\" for=\"wp-block-search__input-1\" >Suchen<\/label><div class=\"wp-block-search__inside-wrapper\" ><input class=\"wp-block-search__input\" id=\"wp-block-search__input-1\" placeholder=\"\" value=\"\" type=\"search\" name=\"s\" required \/><button aria-label=\"Suchen\" class=\"wp-block-search__button wp-element-button\" type=\"submit\" >Suchen<\/button><\/div><\/form>","protected":false},"excerpt":{"rendered":"","protected":false},"author":1,"featured_media":0,"parent":0,"menu_order":0,"comment_status":"closed","ping_status":"closed","template":"","meta":{"inline_featured_image":false,"footnotes":""},"class_list":["post-836","page","type-page","status-publish","hentry"],"_links":{"self":[{"href":"https:\/\/etrax.at\/knowledgebase\/wp-json\/wp\/v2\/pages\/836","targetHints":{"allow":["GET"]}}],"collection":[{"href":"https:\/\/etrax.at\/knowledgebase\/wp-json\/wp\/v2\/pages"}],"about":[{"href":"https:\/\/etrax.at\/knowledgebase\/wp-json\/wp\/v2\/types\/page"}],"author":[{"embeddable":true,"href":"https:\/\/etrax.at\/knowledgebase\/wp-json\/wp\/v2\/users\/1"}],"replies":[{"embeddable":true,"href":"https:\/\/etrax.at\/knowledgebase\/wp-json\/wp\/v2\/comments?post=836"}],"version-history":[{"count":1,"href":"https:\/\/etrax.at\/knowledgebase\/wp-json\/wp\/v2\/pages\/836\/revisions"}],"predecessor-version":[{"id":838,"href":"https:\/\/etrax.at\/knowledgebase\/wp-json\/wp\/v2\/pages\/836\/revisions\/838"}],"wp:attachment":[{"href":"https:\/\/etrax.at\/knowledgebase\/wp-json\/wp\/v2\/media?parent=836"}],"curies":[{"name":"wp","href":"https:\/\/api.w.org\/{rel}","templated":true}]}}