{"id":502,"date":"2025-03-21T15:13:42","date_gmt":"2025-03-21T14:13:42","guid":{"rendered":"https:\/\/etrax.at\/knowledgebase\/?page_id=502"},"modified":"2025-03-25T10:17:46","modified_gmt":"2025-03-25T09:17:46","slug":"karten-menue","status":"publish","type":"page","link":"https:\/\/etrax.at\/knowledgebase\/karten-menue\/","title":{"rendered":"Kartenansicht: Men\u00fc"},"content":{"rendered":"\n<div class=\"wp-block-query alignfull row container ms-auto me-auto is-layout-flow wp-block-query-is-layout-flow\"><ul class=\"alignfull row blog-overview wp-block-post-template is-layout-flow wp-block-post-template-is-layout-flow\"><li class=\"wp-block-post post-410 post type-post status-publish format-standard hentry category-arbeitskarte category-kartenfunktionen category-menue\">\n\n<div class=\"wp-block-group is-vertical is-layout-flex wp-container-core-group-is-layout-fe9cc265 wp-block-group-is-layout-flex\"><h2 class=\"wp-block-post-title has-x-large-font-size\"><a href=\"https:\/\/etrax.at\/knowledgebase\/arbeitskarte\/adresssuche\/\" target=\"_self\" >Adresssuche<\/a><\/h2>\n\n<div class=\"wp-block-post-excerpt\"><p class=\"wp-block-post-excerpt__excerpt\">Die Adresssuche basiert auf dem Nominatim des Openstreetmap Projekte und erm\u00f6glicht die Suche nach beliebigen Locations, sofern diese bei Openstreetmap&hellip;<\/p><p class=\"wp-block-post-excerpt__more-text\"><a class=\"wp-block-post-excerpt__more-link\" href=\"https:\/\/etrax.at\/knowledgebase\/arbeitskarte\/adresssuche\/\">&#8230;mehr<\/a><\/p><\/div><\/div>\n\n<\/li><li class=\"wp-block-post post-73 post type-post status-publish format-standard hentry category-arbeitskarte category-einsatz category-menue\">\n\n<div class=\"wp-block-group is-vertical is-layout-flex wp-container-core-group-is-layout-fe9cc265 wp-block-group-is-layout-flex\"><h2 class=\"wp-block-post-title has-x-large-font-size\"><a href=\"https:\/\/etrax.at\/knowledgebase\/einsatz\/einsaetze\/\" target=\"_self\" >Eins\u00e4tze<\/a><\/h2>\n\n<div class=\"wp-block-post-excerpt\"><p class=\"wp-block-post-excerpt__excerpt\">Das Einsatz-Listing zeigt alle Eins\u00e4tze, f\u00fcr die Sie berechtigt sind. Es werden die wichtigsten Eckdaten der Eins\u00e4tze angezeigt, wie Typ&hellip;<\/p><p class=\"wp-block-post-excerpt__more-text\"><a class=\"wp-block-post-excerpt__more-link\" href=\"https:\/\/etrax.at\/knowledgebase\/einsatz\/einsaetze\/\">&#8230;mehr<\/a><\/p><\/div><\/div>\n\n<\/li><li class=\"wp-block-post post-396 post type-post status-publish format-standard hentry category-arbeitskarte category-einsatz category-menue category-pois\">\n\n<div class=\"wp-block-group is-vertical is-layout-flex wp-container-core-group-is-layout-fe9cc265 wp-block-group-is-layout-flex\"><h2 class=\"wp-block-post-title has-x-large-font-size\"><a href=\"https:\/\/etrax.at\/knowledgebase\/einsatz\/einsatzleitung\/\" target=\"_self\" >Einsatzleitung<\/a><\/h2>\n\n<div class=\"wp-block-post-excerpt\"><p class=\"wp-block-post-excerpt__excerpt\">Die Einsatzleitung wird beim Anlegen eines Einsatzes an die Koordinaten gesetzt, die eTrax dem eingegebenen Einsatzort zuweist, es wird ein&hellip;<\/p><p class=\"wp-block-post-excerpt__more-text\"><a class=\"wp-block-post-excerpt__more-link\" href=\"https:\/\/etrax.at\/knowledgebase\/einsatz\/einsatzleitung\/\">&#8230;mehr<\/a><\/p><\/div><\/div>\n\n<\/li><li class=\"wp-block-post post-336 post type-post status-publish format-standard hentry category-arbeitskarte category-gruppen category-menue\">\n\n<div class=\"wp-block-group is-vertical is-layout-flex wp-container-core-group-is-layout-fe9cc265 wp-block-group-is-layout-flex\"><h2 class=\"wp-block-post-title has-x-large-font-size\"><a href=\"https:\/\/etrax.at\/knowledgebase\/arbeitskarte\/gruppeneinteilung\/\" target=\"_self\" >Gruppeneinteilung<\/a><\/h2>\n\n<div class=\"wp-block-post-excerpt\"><p class=\"wp-block-post-excerpt__excerpt\">Es \u00f6ffnet das &#8222;Gruppeneinteilung&#8220;-Overlay. Hier werden die wichtigsten Informationen zum derzeitigen Stand der Gruppen im Einsatz angezeigt. Im Einsatz verf\u00fcgbar&hellip;<\/p><p class=\"wp-block-post-excerpt__more-text\"><a class=\"wp-block-post-excerpt__more-link\" href=\"https:\/\/etrax.at\/knowledgebase\/arbeitskarte\/gruppeneinteilung\/\">&#8230;mehr<\/a><\/p><\/div><\/div>\n\n<\/li><li class=\"wp-block-post post-209 post type-post status-publish format-standard hentry category-arbeitskarte category-menue\">\n\n<div class=\"wp-block-group is-vertical is-layout-flex wp-container-core-group-is-layout-fe9cc265 wp-block-group-is-layout-flex\"><h2 class=\"wp-block-post-title has-x-large-font-size\"><a href=\"https:\/\/etrax.at\/knowledgebase\/arbeitskarte\/kartenauswahl\/\" target=\"_self\" >Kartenauswahl<\/a><\/h2>\n\n<div class=\"wp-block-post-excerpt\"><p class=\"wp-block-post-excerpt__excerpt\">Der Men\u00fcpunkt Kartentyp \u00f6ffnet die Kartenauswahl. Hier k\u00f6nnen Sie festlegen, mit welcher Karte Sie arbeiten wollen. Die hier angebotenen Karten&hellip;<\/p><p class=\"wp-block-post-excerpt__more-text\"><a class=\"wp-block-post-excerpt__more-link\" href=\"https:\/\/etrax.at\/knowledgebase\/arbeitskarte\/kartenauswahl\/\">&#8230;mehr<\/a><\/p><\/div><\/div>\n\n<\/li><li class=\"wp-block-post post-398 post type-post status-publish format-standard hentry category-arbeitskarte category-menue category-pois\">\n\n<div class=\"wp-block-group is-vertical is-layout-flex wp-container-core-group-is-layout-fe9cc265 wp-block-group-is-layout-flex\"><h2 class=\"wp-block-post-title has-x-large-font-size\"><a href=\"https:\/\/etrax.at\/knowledgebase\/arbeitskarte\/personenfund-setzen\/\" target=\"_self\" >Personenfund setzen und bearbeiten<\/a><\/h2>\n\n<div class=\"wp-block-post-excerpt\"><p class=\"wp-block-post-excerpt__excerpt\">Sollte im Rahmen des Einsatzes eine Person gefunden werden, k\u00f6nnen sie den Fundort in der Karte markieren. (siehe POI\/Personenfund setzen)&hellip;<\/p><p class=\"wp-block-post-excerpt__more-text\"><a class=\"wp-block-post-excerpt__more-link\" href=\"https:\/\/etrax.at\/knowledgebase\/arbeitskarte\/personenfund-setzen\/\">&#8230;mehr<\/a><\/p><\/div><\/div>\n\n<\/li><li class=\"wp-block-post post-386 post type-post status-publish format-standard hentry category-arbeitskarte category-menue category-pois\">\n\n<div class=\"wp-block-group is-vertical is-layout-flex wp-container-core-group-is-layout-fe9cc265 wp-block-group-is-layout-flex\"><h2 class=\"wp-block-post-title has-x-large-font-size\"><a href=\"https:\/\/etrax.at\/knowledgebase\/arbeitskarte\/poi-setzen\/\" target=\"_self\" >POIs &amp; Einsatzleitung > POI\/Personenfund setzen<\/a><\/h2>\n\n<div class=\"wp-block-post-excerpt\"><p class=\"wp-block-post-excerpt__excerpt\">Nach dem Klicken auf &#8222;POI setzen&#8220; oder &#8222;Personenfund setzen&#8220; verschwindet die Navigation. Sie k\u00f6nnen jetzt dort in die Karte klicken,&hellip;<\/p><p class=\"wp-block-post-excerpt__more-text\"><a class=\"wp-block-post-excerpt__more-link\" href=\"https:\/\/etrax.at\/knowledgebase\/arbeitskarte\/poi-setzen\/\">&#8230;mehr<\/a><\/p><\/div><\/div>\n\n<\/li><li class=\"wp-block-post post-377 post type-post status-publish format-standard hentry category-arbeitskarte category-menue category-pois\">\n\n<div class=\"wp-block-group is-vertical is-layout-flex wp-container-core-group-is-layout-fe9cc265 wp-block-group-is-layout-flex\"><h2 class=\"wp-block-post-title has-x-large-font-size\"><a href=\"https:\/\/etrax.at\/knowledgebase\/arbeitskarte\/pois-anzeigen\/\" target=\"_self\" >POIs &amp; Einsatzleitung > POIs anzeigen<\/a><\/h2>\n\n<div class=\"wp-block-post-excerpt\"><p class=\"wp-block-post-excerpt__excerpt\">Es \u00f6ffnet sich ein Overlay mit allen POIs, die bisher angelegt wurden. Jeder POI ist grau eingerahmt, hat oben seinen&hellip;<\/p><p class=\"wp-block-post-excerpt__more-text\"><a class=\"wp-block-post-excerpt__more-link\" href=\"https:\/\/etrax.at\/knowledgebase\/arbeitskarte\/pois-anzeigen\/\">&#8230;mehr<\/a><\/p><\/div><\/div>\n\n<\/li><li class=\"wp-block-post post-101 post type-post status-publish format-standard hentry category-arbeitskarte category-einsatz category-menue category-protokoll\">\n\n<div class=\"wp-block-group is-vertical is-layout-flex wp-container-core-group-is-layout-fe9cc265 wp-block-group-is-layout-flex\"><h2 class=\"wp-block-post-title has-x-large-font-size\"><a href=\"https:\/\/etrax.at\/knowledgebase\/einsatz\/protokoll\/\" target=\"_self\" >Protokoll<\/a><\/h2>\n\n<div class=\"wp-block-post-excerpt\"><p class=\"wp-block-post-excerpt__excerpt\">Im Protokoll k\u00f6nnen alle wichtigen Ereignisse und Funkspr\u00fcche eingetragen werden. Diese bekommen automatisch einen Zeitstempel (kann auch manuell \u00fcberschrieben werden).&hellip;<\/p><p class=\"wp-block-post-excerpt__more-text\"><a class=\"wp-block-post-excerpt__more-link\" href=\"https:\/\/etrax.at\/knowledgebase\/einsatz\/protokoll\/\">&#8230;mehr<\/a><\/p><\/div><\/div>\n\n<\/li><li class=\"wp-block-post post-97 post type-post status-publish format-standard hentry category-arbeitskarte category-einsatz category-menue category-ressourcenverwaltung\">\n\n<div class=\"wp-block-group is-vertical is-layout-flex wp-container-core-group-is-layout-fe9cc265 wp-block-group-is-layout-flex\"><h2 class=\"wp-block-post-title has-x-large-font-size\"><a href=\"https:\/\/etrax.at\/knowledgebase\/einsatz\/ressourcenverwaltung\/\" target=\"_self\" >Ressourcenverwaltung<\/a><\/h2>\n\n<div class=\"wp-block-post-excerpt\"><p class=\"wp-block-post-excerpt__excerpt\">Hier werden alle in eTrax aktiven User und eingetragenes Material angezeigt. \u00dcber die blauen Pfeile neben dem Namen k\u00f6nnen Sie&hellip;<\/p><p class=\"wp-block-post-excerpt__more-text\"><a class=\"wp-block-post-excerpt__more-link\" href=\"https:\/\/etrax.at\/knowledgebase\/einsatz\/ressourcenverwaltung\/\">&#8230;mehr<\/a><\/p><\/div><\/div>\n\n<\/li><li class=\"wp-block-post post-746 post type-post status-publish format-standard hentry category-arbeitskarte category-menue category-suchgebiete\">\n\n<div class=\"wp-block-group is-vertical is-layout-flex wp-container-core-group-is-layout-fe9cc265 wp-block-group-is-layout-flex\"><h2 class=\"wp-block-post-title has-x-large-font-size\"><a href=\"https:\/\/etrax.at\/knowledgebase\/arbeitskarte\/arbeitskarte-menue-suchgebiet-importieren\/\" target=\"_self\" >Suchgebiet > Importieren<\/a><\/h2>\n\n<div class=\"wp-block-post-excerpt\"><p class=\"wp-block-post-excerpt__excerpt\">Suchgebiete k\u00f6nnen, sofern sie als gpx-File vorliegen, von anderen Organisationen \u00fcbernommen und in Ihren Einsatz importiert werden. Klicken Sie in&hellip;<\/p><p class=\"wp-block-post-excerpt__more-text\"><a class=\"wp-block-post-excerpt__more-link\" href=\"https:\/\/etrax.at\/knowledgebase\/arbeitskarte\/arbeitskarte-menue-suchgebiet-importieren\/\">&#8230;mehr<\/a><\/p><\/div><\/div>\n\n<\/li><li class=\"wp-block-post post-358 post type-post status-publish format-standard hentry category-arbeitskarte category-menue category-suchgebiete\">\n\n<div class=\"wp-block-group is-vertical is-layout-flex wp-container-core-group-is-layout-fe9cc265 wp-block-group-is-layout-flex\"><h2 class=\"wp-block-post-title has-x-large-font-size\"><a href=\"https:\/\/etrax.at\/knowledgebase\/arbeitskarte\/suchgebiete-verwalten\/\" target=\"_self\" >Suchgebiete > bearbeiten<\/a><\/h2>\n\n<div class=\"wp-block-post-excerpt\"><p class=\"wp-block-post-excerpt__excerpt\">Suchgebiet-Listing: Es \u00f6ffnet sich die Liste aller vorhandenen Suchgebiete. Die Funktionen von links nach rechts: Suchgebiet anlegen: Um ein Suchgebiet&hellip;<\/p><p class=\"wp-block-post-excerpt__more-text\"><a class=\"wp-block-post-excerpt__more-link\" href=\"https:\/\/etrax.at\/knowledgebase\/arbeitskarte\/suchgebiete-verwalten\/\">&#8230;mehr<\/a><\/p><\/div><\/div>\n\n<\/li><li class=\"wp-block-post post-1026 post type-post status-publish format-standard hentry category-arbeitskarte category-menue category-suchgebiete\">\n\n<div class=\"wp-block-group is-vertical is-layout-flex wp-container-core-group-is-layout-fe9cc265 wp-block-group-is-layout-flex\"><h2 class=\"wp-block-post-title has-x-large-font-size\"><a href=\"https:\/\/etrax.at\/knowledgebase\/arbeitskarte\/suchgebiete-als-gpx-file-exportieren\/\" target=\"_self\" >Suchgebiete als gpx-File exportieren<\/a><\/h2>\n\n<div class=\"wp-block-post-excerpt\"><p class=\"wp-block-post-excerpt__excerpt\">Suchgebiete k\u00f6nnen jederzeit als gpx-Files exportiert werden. Diese gpx-Files k\u00f6nnen dann zB. als &#8222;Track&#8220; in GPS-Ger\u00e4te eingespielt werden. Damit haben&hellip;<\/p><p class=\"wp-block-post-excerpt__more-text\"><a class=\"wp-block-post-excerpt__more-link\" href=\"https:\/\/etrax.at\/knowledgebase\/arbeitskarte\/suchgebiete-als-gpx-file-exportieren\/\">&#8230;mehr<\/a><\/p><\/div><\/div>\n\n<\/li><li class=\"wp-block-post post-718 post type-post status-publish format-standard hentry category-arbeitskarte category-menue category-tracks\">\n\n<div class=\"wp-block-group is-vertical is-layout-flex wp-container-core-group-is-layout-fe9cc265 wp-block-group-is-layout-flex\"><h2 class=\"wp-block-post-title has-x-large-font-size\"><a href=\"https:\/\/etrax.at\/knowledgebase\/arbeitskarte\/arbeitskarte-menue-user-tracks-gpx-track-importieren\/\" target=\"_self\" >User-Tracks > GPX Track importieren<\/a><\/h2>\n\n<div class=\"wp-block-post-excerpt\"><p class=\"wp-block-post-excerpt__excerpt\">Es \u00f6ffnet sich der &#8222;GPX Track importieren&#8220; Dialog. W\u00e4hlen Sie einen Sender und eine Gruppe f\u00fcr die Trackzuweisung und w\u00e4hlen&hellip;<\/p><p class=\"wp-block-post-excerpt__more-text\"><a class=\"wp-block-post-excerpt__more-link\" href=\"https:\/\/etrax.at\/knowledgebase\/arbeitskarte\/arbeitskarte-menue-user-tracks-gpx-track-importieren\/\">&#8230;mehr<\/a><\/p><\/div><\/div>\n\n<\/li><li class=\"wp-block-post post-406 post type-post status-publish format-standard hentry category-arbeitskarte category-menue category-tracks\">\n\n<div class=\"wp-block-group is-vertical is-layout-flex wp-container-core-group-is-layout-fe9cc265 wp-block-group-is-layout-flex\"><h2 class=\"wp-block-post-title has-x-large-font-size\"><a href=\"https:\/\/etrax.at\/knowledgebase\/arbeitskarte\/user-tracks\/\" target=\"_self\" >User-Tracks > Tracker anzeigen<\/a><\/h2>\n\n<div class=\"wp-block-post-excerpt\"><p class=\"wp-block-post-excerpt__excerpt\">Der Men\u00fcpunkt &#8222;Tracker anzeigen&#8220; \u00f6ffnet das &#8222;Tracker mit GPS&#8220; Overlay. Hier werden alle User angezeigt, die Positionsdaten an eTrax schicken&hellip;<\/p><p class=\"wp-block-post-excerpt__more-text\"><a class=\"wp-block-post-excerpt__more-link\" href=\"https:\/\/etrax.at\/knowledgebase\/arbeitskarte\/user-tracks\/\">&#8230;mehr<\/a><\/p><\/div><\/div>\n\n<\/li><li class=\"wp-block-post post-91 post type-post status-publish format-standard hentry category-einsatz category-menue category-vermisste-person\">\n\n<div class=\"wp-block-group is-vertical is-layout-flex wp-container-core-group-is-layout-fe9cc265 wp-block-group-is-layout-flex\"><h2 class=\"wp-block-post-title has-x-large-font-size\"><a href=\"https:\/\/etrax.at\/knowledgebase\/einsatz\/vermisste-person-ausdrucke\/\" target=\"_self\" >Vermisste Person: Ausdrucke<\/a><\/h2>\n\n<div class=\"wp-block-post-excerpt\"><p class=\"wp-block-post-excerpt__excerpt\">Handzettel drucken Handzettel sind kleine Flyer mit der externen Beschreibung und Bild im PDF-Format. Es sind jeweils drei Eintr\u00e4ge pro&hellip;<\/p><p class=\"wp-block-post-excerpt__more-text\"><a class=\"wp-block-post-excerpt__more-link\" href=\"https:\/\/etrax.at\/knowledgebase\/einsatz\/vermisste-person-ausdrucke\/\">&#8230;mehr<\/a><\/p><\/div><\/div>\n\n<\/li><\/ul><\/div>\n\n\n<form role=\"search\" method=\"get\" action=\"https:\/\/etrax.at\/knowledgebase\/\" class=\"wp-block-search__button-outside wp-block-search__text-button wp-block-search\"    ><label class=\"wp-block-search__label\" for=\"wp-block-search__input-1\" >Suchen<\/label><div class=\"wp-block-search__inside-wrapper\" ><input class=\"wp-block-search__input\" id=\"wp-block-search__input-1\" placeholder=\"\" value=\"\" type=\"search\" name=\"s\" required \/><button aria-label=\"Suchen\" class=\"wp-block-search__button wp-element-button\" type=\"submit\" >Suchen<\/button><\/div><\/form>","protected":false},"excerpt":{"rendered":"","protected":false},"author":1,"featured_media":0,"parent":0,"menu_order":0,"comment_status":"closed","ping_status":"closed","template":"","meta":{"inline_featured_image":false,"footnotes":""},"class_list":["post-502","page","type-page","status-publish","hentry"],"_links":{"self":[{"href":"https:\/\/etrax.at\/knowledgebase\/wp-json\/wp\/v2\/pages\/502","targetHints":{"allow":["GET"]}}],"collection":[{"href":"https:\/\/etrax.at\/knowledgebase\/wp-json\/wp\/v2\/pages"}],"about":[{"href":"https:\/\/etrax.at\/knowledgebase\/wp-json\/wp\/v2\/types\/page"}],"author":[{"embeddable":true,"href":"https:\/\/etrax.at\/knowledgebase\/wp-json\/wp\/v2\/users\/1"}],"replies":[{"embeddable":true,"href":"https:\/\/etrax.at\/knowledgebase\/wp-json\/wp\/v2\/comments?post=502"}],"version-history":[{"count":3,"href":"https:\/\/etrax.at\/knowledgebase\/wp-json\/wp\/v2\/pages\/502\/revisions"}],"predecessor-version":[{"id":793,"href":"https:\/\/etrax.at\/knowledgebase\/wp-json\/wp\/v2\/pages\/502\/revisions\/793"}],"wp:attachment":[{"href":"https:\/\/etrax.at\/knowledgebase\/wp-json\/wp\/v2\/media?parent=502"}],"curies":[{"name":"wp","href":"https:\/\/api.w.org\/{rel}","templated":true}]}}