{"id":2,"date":"2025-03-18T08:50:46","date_gmt":"2025-03-18T08:50:46","guid":{"rendered":"http:\/\/etrax.at\/knowledgebase\/?page_id=2"},"modified":"2025-03-21T17:38:21","modified_gmt":"2025-03-21T16:38:21","slug":"was-ist-etrax","status":"publish","type":"page","link":"https:\/\/etrax.at\/knowledgebase\/was-ist-etrax\/","title":{"rendered":"Was ist eTrax?"},"content":{"rendered":"\n<p><strong>eTrax \u2013 Die smarte L\u00f6sung f\u00fcr effiziente Sucheins\u00e4tze und Wildtiermonitoring<\/strong><\/p>\n\n\n\n<p>Entdecken Sie eTrax, die cloudbasierte Software, die Ihre Sucheins\u00e4tze, Wildtiermonitoring und Trailing effizienter gestaltet. Mit eTrax k\u00f6nnen Sie Ihre Ressourcen optimal einsetzen und eine standardisierte Vorgehensweise sicherstellen \u2013 f\u00fcr schnelle und pr\u00e4zise Ergebnisse.<\/p>\n\n\n\n<p><strong>Alles in einer Plattform \u2013 einfach, flexibel, leistungsstark<\/strong><\/p>\n\n\n\n<p>eTrax besteht aus einer benutzerfreundlichen Webapplikation und einer praktischen mobilen App. In der Webapplikation, entwickelt mit dem leistungsstarken Laravel PHP-Framework, k\u00f6nnen Sie Eins\u00e4tze erstellen, Suchgebiete planen, Ressourcen verwalten und dank Live-Tracking die Positionen im Gel\u00e4nde in Echtzeit \u00fcberwachen.<\/p>\n\n\n\n<p>Dank OpenLayers bieten wir eine hochwertige Kartendarstellung, bei der alle relevanten Karteninhalte als Layer eingebunden werden. So behalten Sie stets den \u00dcberblick und k\u00f6nnen zielsicher navigieren. Zudem zeigt die Kartenansicht wichtige Points of Interest und die genaue Position der User im Suchgebiet.<\/p>\n\n\n\n<p><strong>Effiziente Eins\u00e4tze, einfach dokumentiert<\/strong><\/p>\n\n\n\n<p>Mit der mobilen App haben Sie Ihre Eins\u00e4tze immer griffbereit. Nach der Anmeldung zu einem Einsatz erhalten die Teammitglieder alle relevanten Informationen und k\u00f6nnen optional im Feld live verfolgt werden. Im Hintergrund werden alle Aktivit\u00e4ten automatisch gespeichert, sodass eine l\u00fcckenlose und detaillierte Einsatz-Dokumentation gew\u00e4hrleistet ist.<\/p>\n\n\n\n<p><strong>Entwickelt aus Erfahrung \u2013 F\u00fcr h\u00f6chste Anspr\u00fcche<\/strong><\/p>\n\n\n\n<p>eTrax wurde aus den Erfahrungen von \u00fcber 150 erfolgreichen Personensucheins\u00e4tzen sowie zahlreichen Wildtiertrailings und Trailing-Ausbildungen entwickelt. Vertrauen Sie auf eine Software, die auf bew\u00e4hrtem Wissen basiert und f\u00fcr h\u00f6chste Effizienz sorgt.<\/p>\n\n\n\n<p><strong>eTrax \u2013 f\u00fcr Profis, die mehr erreichen wollen.<\/strong><\/p>\n\n\n\n<figure class=\"wp-block-gallery has-nested-images columns-default is-cropped wp-block-gallery-1 is-layout-flex wp-block-gallery-is-layout-flex\">\n<figure data-wp-context=\"{&quot;imageId&quot;:&quot;69f40d3de75c7&quot;}\" data-wp-interactive=\"core\/image\" data-wp-key=\"69f40d3de75c7\" class=\"wp-block-image size-large wp-lightbox-container\"><img decoding=\"async\" data-wp-class--hide=\"state.isContentHidden\" data-wp-class--show=\"state.isContentVisible\" data-wp-init=\"callbacks.setButtonStyles\" data-wp-on--click=\"actions.showLightbox\" data-wp-on--load=\"callbacks.setButtonStyles\" data-wp-on-window--resize=\"callbacks.setButtonStyles\" src=\"https:\/\/etrax.at\/knowledgebase\/wp-content\/uploads\/mapview.png\" alt=\"\"\/><button\n\t\t\tclass=\"lightbox-trigger\"\n\t\t\ttype=\"button\"\n\t\t\taria-haspopup=\"dialog\"\n\t\t\taria-label=\"Vergr\u00f6\u00dfern\"\n\t\t\tdata-wp-init=\"callbacks.initTriggerButton\"\n\t\t\tdata-wp-on--click=\"actions.showLightbox\"\n\t\t\tdata-wp-style--right=\"state.imageButtonRight\"\n\t\t\tdata-wp-style--top=\"state.imageButtonTop\"\n\t\t>\n\t\t\t<svg xmlns=\"http:\/\/www.w3.org\/2000\/svg\" width=\"12\" height=\"12\" fill=\"none\" viewBox=\"0 0 12 12\">\n\t\t\t\t<path fill=\"#fff\" d=\"M2 0a2 2 0 0 0-2 2v2h1.5V2a.5.5 0 0 1 .5-.5h2V0H2Zm2 10.5H2a.5.5 0 0 1-.5-.5V8H0v2a2 2 0 0 0 2 2h2v-1.5ZM8 12v-1.5h2a.5.5 0 0 0 .5-.5V8H12v2a2 2 0 0 1-2 2H8Zm2-12a2 2 0 0 1 2 2v2h-1.5V2a.5.5 0 0 0-.5-.5H8V0h2Z\" \/>\n\t\t\t<\/svg>\n\t\t<\/button><figcaption class=\"wp-element-caption\">Kartenansicht<\/figcaption><\/figure>\n\n\n\n<figure data-wp-context=\"{&quot;imageId&quot;:&quot;69f40d3de7790&quot;}\" data-wp-interactive=\"core\/image\" data-wp-key=\"69f40d3de7790\" class=\"wp-block-image size-large wp-lightbox-container\"><img decoding=\"async\" data-wp-class--hide=\"state.isContentHidden\" data-wp-class--show=\"state.isContentVisible\" data-wp-init=\"callbacks.setButtonStyles\" data-wp-on--click=\"actions.showLightbox\" data-wp-on--load=\"callbacks.setButtonStyles\" data-wp-on-window--resize=\"callbacks.setButtonStyles\" src=\"https:\/\/etrax.at\/knowledgebase\/wp-content\/uploads\/poi.png\" alt=\"\"\/><button\n\t\t\tclass=\"lightbox-trigger\"\n\t\t\ttype=\"button\"\n\t\t\taria-haspopup=\"dialog\"\n\t\t\taria-label=\"Vergr\u00f6\u00dfern\"\n\t\t\tdata-wp-init=\"callbacks.initTriggerButton\"\n\t\t\tdata-wp-on--click=\"actions.showLightbox\"\n\t\t\tdata-wp-style--right=\"state.imageButtonRight\"\n\t\t\tdata-wp-style--top=\"state.imageButtonTop\"\n\t\t>\n\t\t\t<svg xmlns=\"http:\/\/www.w3.org\/2000\/svg\" width=\"12\" height=\"12\" fill=\"none\" viewBox=\"0 0 12 12\">\n\t\t\t\t<path fill=\"#fff\" d=\"M2 0a2 2 0 0 0-2 2v2h1.5V2a.5.5 0 0 1 .5-.5h2V0H2Zm2 10.5H2a.5.5 0 0 1-.5-.5V8H0v2a2 2 0 0 0 2 2h2v-1.5ZM8 12v-1.5h2a.5.5 0 0 0 .5-.5V8H12v2a2 2 0 0 1-2 2H8Zm2-12a2 2 0 0 1 2 2v2h-1.5V2a.5.5 0 0 0-.5-.5H8V0h2Z\" \/>\n\t\t\t<\/svg>\n\t\t<\/button><figcaption class=\"wp-element-caption\">Points of Interest<\/figcaption><\/figure>\n\n\n\n<figure data-wp-context=\"{&quot;imageId&quot;:&quot;69f40d3de7897&quot;}\" data-wp-interactive=\"core\/image\" data-wp-key=\"69f40d3de7897\" class=\"wp-block-image size-large wp-lightbox-container\"><img decoding=\"async\" data-wp-class--hide=\"state.isContentHidden\" data-wp-class--show=\"state.isContentVisible\" data-wp-init=\"callbacks.setButtonStyles\" data-wp-on--click=\"actions.showLightbox\" data-wp-on--load=\"callbacks.setButtonStyles\" data-wp-on-window--resize=\"callbacks.setButtonStyles\" src=\"https:\/\/etrax.at\/knowledgebase\/wp-content\/uploads\/tracks-areas.png\" alt=\"\"\/><button\n\t\t\tclass=\"lightbox-trigger\"\n\t\t\ttype=\"button\"\n\t\t\taria-haspopup=\"dialog\"\n\t\t\taria-label=\"Vergr\u00f6\u00dfern\"\n\t\t\tdata-wp-init=\"callbacks.initTriggerButton\"\n\t\t\tdata-wp-on--click=\"actions.showLightbox\"\n\t\t\tdata-wp-style--right=\"state.imageButtonRight\"\n\t\t\tdata-wp-style--top=\"state.imageButtonTop\"\n\t\t>\n\t\t\t<svg xmlns=\"http:\/\/www.w3.org\/2000\/svg\" width=\"12\" height=\"12\" fill=\"none\" viewBox=\"0 0 12 12\">\n\t\t\t\t<path fill=\"#fff\" d=\"M2 0a2 2 0 0 0-2 2v2h1.5V2a.5.5 0 0 1 .5-.5h2V0H2Zm2 10.5H2a.5.5 0 0 1-.5-.5V8H0v2a2 2 0 0 0 2 2h2v-1.5ZM8 12v-1.5h2a.5.5 0 0 0 .5-.5V8H12v2a2 2 0 0 1-2 2H8Zm2-12a2 2 0 0 1 2 2v2h-1.5V2a.5.5 0 0 0-.5-.5H8V0h2Z\" \/>\n\t\t\t<\/svg>\n\t\t<\/button><figcaption class=\"wp-element-caption\">Suchgebiet mit Usertrack<\/figcaption><\/figure>\n<\/figure>\n\n\n\n<p><\/p>\n","protected":false},"excerpt":{"rendered":"<p>eTrax \u2013 Die smarte L\u00f6sung f\u00fcr effiziente Sucheins\u00e4tze und Wildtiermonitoring Entdecken Sie eTrax, die cloudbasierte Software, die Ihre Sucheins\u00e4tze, Wildtiermonitoring und Trailing effizienter gestaltet. Mit eTrax k\u00f6nnen Sie Ihre Ressourcen optimal einsetzen und eine standardisierte Vorgehensweise sicherstellen \u2013 f\u00fcr schnelle und pr\u00e4zise Ergebnisse. Alles in einer Plattform \u2013 einfach, flexibel, leistungsstark eTrax besteht aus einer [&hellip;]<\/p>\n","protected":false},"author":1,"featured_media":0,"parent":0,"menu_order":0,"comment_status":"closed","ping_status":"closed","template":"","meta":{"inline_featured_image":false,"footnotes":""},"class_list":["post-2","page","type-page","status-publish","hentry"],"_links":{"self":[{"href":"https:\/\/etrax.at\/knowledgebase\/wp-json\/wp\/v2\/pages\/2","targetHints":{"allow":["GET"]}}],"collection":[{"href":"https:\/\/etrax.at\/knowledgebase\/wp-json\/wp\/v2\/pages"}],"about":[{"href":"https:\/\/etrax.at\/knowledgebase\/wp-json\/wp\/v2\/types\/page"}],"author":[{"embeddable":true,"href":"https:\/\/etrax.at\/knowledgebase\/wp-json\/wp\/v2\/users\/1"}],"replies":[{"embeddable":true,"href":"https:\/\/etrax.at\/knowledgebase\/wp-json\/wp\/v2\/comments?post=2"}],"version-history":[{"count":3,"href":"https:\/\/etrax.at\/knowledgebase\/wp-json\/wp\/v2\/pages\/2\/revisions"}],"predecessor-version":[{"id":558,"href":"https:\/\/etrax.at\/knowledgebase\/wp-json\/wp\/v2\/pages\/2\/revisions\/558"}],"wp:attachment":[{"href":"https:\/\/etrax.at\/knowledgebase\/wp-json\/wp\/v2\/media?parent=2"}],"curies":[{"name":"wp","href":"https:\/\/api.w.org\/{rel}","templated":true}]}}